
72625
What is 148327 (base 11) in base 3?
102201101210
Convert 100000111101110010 (base 2) to base 7.
1101443
-b2a458 (base 13) to base 8
-17704740
Convert -1021421353 (base 6) to base 15.
-e1abbc
What is 499835a (base 12) in base 8?
66676366
What is -332804b (base 13) in base 11?
-8932447
Convert 1000010101101011000010 (base 2) to base 14.
40c894
Convert 1111001110011110110 (base 2) to base 8.
1716366
Convert 20363a (base 12) to base 3.
221121000201
What is 11010220202120 (base 3) in base 11?
1275054
What is 10524354 (base 6) in base 3?
121101021021
What is -b195 (base 14) in base 7?
-154645
What is 2a4897 (base 11) in base 5?
110144120
What is -5253337 (base 8) in base 6?
-45550303
-13344152 (base 7) to base 14
-243229
-220111101 (base 3) to base 4
-10113001
What is 222102110002 (base 3) in base 9?
872402
-81727 (base 11) to base 6
-2320251
-10011001101101100 (base 2) to base 6
-1404204
What is -101001101000000011100 (base 2) in base 14?
-277124
668922 (base 11) to base 4
10010032321
Convert -434233402 (base 5) to base 2.
-111001000000011001001
Convert 39883 (base 11) to base 16.
de81
What is -105428 (base 15) in base 11?
-490a05
Convert 18bd18 (base 15) to base 5.
302020243
What is 35b881 (base 12) in base 4?
3110200201
Convert -424211422 (base 6) to base 13.
-171c836
Convert -43526263 (base 7) to base 14.
-6d4433
What is -222032131132 (base 4) in base 7?
-163041643
-7363075 (base 9) to base 12
-139b51b
Convert 583821 (base 9) to base 13.
c3763
What is -10000130033 (base 5) in base 3?
-200101101210200
What is -111020221002 (base 3) in base 8?
-775502
What is -546340 (base 7) in base 8?
-273200
What is -75356 (base 13) in base 4?
-303220202
What is -10011010011001100101 (base 2) in base 16?
-9a665
What is 374551 (base 9) in base 13?
7c0b7
11100100010110100010 (base 2) to base 8
3442642
122001222 (base 4) to base 5
11402402
Convert 33113321 (base 6) to base 3.
1212021111111
Convert -101324331 (base 5) to base 2.
-1100101111010111010
What is 3798782 (base 10) in base 8?
16373376
What is 2246a (base 12) in base 10?
45586
708065 (base 11) to base 3
2010211010222
Convert 3bd8d4 (base 14) to base 11.
1196917
Convert 1231633 (base 9) to base 3.
1021001201010
What is 2300100330 (base 4) in base 3?
1100200101000
42d3e8 (base 15) to base 8
14111636
125417 (base 8) to base 7
241446
What is 1629932 (base 11) in base 9?
5206708
1224431 (base 7) to base 10
157655
2115400 (base 9) to base 8
4243655
Convert c648c (base 13) to base 7.
3013650
What is 4dc22 (base 15) in base 12?
1001ab
-110100000 (base 3) to base 6
-105343
262a6 (base 14) to base 15
1cc09
-a409 (base 16) to base 5
-2320433
1159867 (base 12) to base 7
40343104
What is 4267ba (base 12) in base 9?
1867017
Convert -26066424 (base 7) to base 16.
-24287a
Convert -983900 (base 12) to base 8.
-11146520
3651dc (base 14) to base 2
111000101101000011110
d3032a (base 15) to base 8
46173021
10231133 (base 4) to base 6
225155
What is 2688ca (base 13) in base 14?
1a4062
-2683603 (base 12) to base 9
-15328763
What is 4325425 (base 6) in base 7?
1550165
-7801234 (base 9) to base 11
-2404623
Convert -3fc30b (base 16) to base 6.
-225321455
-c796 (base 14) to base 10
-34432
Convert 5503783 (base 9) to base 13.
7c61b2
-34c5 (base 16) to base 2
-11010011000101
Convert -ce06d (base 16) to base 10.
-843885
Convert 322144124 (base 5) to base 15.
1be90e
Convert e3b3 (base 15) to base 3.
2102222020
Convert -53012340 (base 6) to base 4.
-11320112010
348caa (base 13) to base 11
7825a5
What is -1431512 (base 6) in base 5?
-10111202
Convert 111241 (base 5) to base 4.
331222
11d4f (base 16) to base 15
16994
-3679 (base 13) to base 8
-17031
Convert -15313513 (base 6) to base 3.
-1000100221000
-4202130221 (base 5) to base 10
-8630061
6752371 (base 8) to base 2
110111101010011111001
What is 1002112002021 (base 3) in base 8?
2156722
What is 828a7 (base 11) in base 16?
1d82b
-12001020012001 (base 3) to base 9
-5036161
Convert -33211020212 (base 4) to base 9.
-7614488
Convert 212021002 (base 3) to base 2.
100001000111110
What is 11322322 (base 4) in base 6?
304134
What is -352a4 (base 14) in base 4?
-133213200
Convert 122211301 (base 4) to base 14.
2b997
Convert -549b (base 12) to base 4.
-2101313
What is 77935 (base 10) in base 16?
1306f
Convert -1d959 (base 14) to base 5.
-4412211
What is -3313300 (base 4) in base 2?
-11110111110000
What is 10960e (base 16) in base 13?
2c09b8
What is -223122221103 (base 4) in base 11?
-6473a65
Convert 122011212120 (base 3) to base 2.
1010010100011110011
-437799 (base 12) to base 4
-10011122211
Convert -10110011000110 (base 2) to base 11.
-8680
What is 188138 (base 9) in base 11?
802a5
What is 13033205 (base 7) in base 11?
73a1a4
Convert -4251434 (base 6) to base 11.
-133065
What is 34300 (base 16) in base 3?
101212020001
-313001322 (base 5) to base 13
-36550c
1c3ab1c (base 14) to base 10
14128294
-5547336 (base 9) to base 2
-1011011000100010001001
Convert -411405 (base 7) to base 2.
-10001001000011101
Convert 100100101001011011111101 (base 2) to base 3.
200002002012110
-39b270 (base 12) to base 11
-5a069a
What is -598b (base 16) in base 6?
-254043
What is 4bd13a (base 14) in base 10?
2609792
Convert 6320922 (base 11) to base 3.
202222010012112
Convert 100001101100101010101001 (base 2) to base 10.
8833705
-2671700 (base 8) to base 5
-143004103
What is -1607477 (base 9) in base 8?
-3314540
-20201121022201 (base 3) to base 6
-204340414
Convert 112414303 (base 6) to base 8.
7752537
What is 33b495 (base 12) in base 2?
11001010001111110001
What is -5565601 (base 7) in base 12?
-292674
-16052 (base 7) to base 10
-4496
-4455203 (base 8) to base 5
-301442234
Convert 8552268 (base 10) to base 13.
1a0591a
Convert -1010100001010111000 (base 2) to base 15.
-6c240
Convert 154a4 (base 14) to base 7.
310464
-11100001111100010 (base 2) to base 8
-341742
What is -3013051 (base 7) in base 3?
-200002220111
Convert 2418c1 (base 13) to base 12.
355bb4
2a6925 (base 13) to base 9
1858561
19654 (base 13) to base 7
264034
Convert 6121545 (base 8) to base 14.
300633
What is -100101011110011110101 (base 2) in base 9?
-2271467
Convert -51063 (base 13) to base 9.
-241013
What is 101001110001001100 (base 2) in base 4?
221301030
-2a1b74a (base 12) to base 14
-11b40d4
Convert -9876 (base 10) to base 7.
-40536
What is 100111110001001 (base 2) in base 3?
1000221010
What is 839621 (base 10) in base 5?
203331441
What is -310757 (base 8) in base 13?
-37ab0
Convert -28ac6 (base 16) to base 14.
-449dc
What is 5565136 (base 7) in base 13?
1b14aa
What is -17969 (base 10) in base 7?
-103250
Convert -4522222 (base 7) to base 11.
-352a03
What is -1315093 (base 10) in base 9?
-2423864
Convert 205586 (base 11) to base 16.
506f0
100001001001100110111101 (base 2) to base 9
17314526
Convert 1100100001101110 (base 2) to base 12.
2583a
Convert 15002352 (base 6) to base 9.
862705
-1047752 (base 9) to base 3
-1001121211202
2172750 (base 8) to base 10
587240
What is 7394155 (base 10) in base 8?
34151553
-1527a9 (base 11) to base 3
-110002022112
What is 110110101010111 (base 2) in base 8?
66527
68141 (base 13) to base 5
22023124
221021021 (base 3) to base 12
a7b1
3104242 (base 5) to base 7
300304
3a0394 (base 11) to base 16
99d0d
-40a017 (base 12) to base 10
-1012627
What is -3526407 (base 9) in base 4?
-13101223003
What is 2112101012002 (base 3) in base 4?
11020211033
What is 105235315 (base 6) in base 15?
282d75
Convert -197b5 (base 16) to base 15.
-20dd3
Convert -1011242123 (base 5) to base 14.
-3b734d
What is -10e3a (base 15) in base 10?
-53830
Convert 21564 (base 13) to base 16.
eb56
Convert -1107a7 (base 11) to base 4.
-223020100
What is 4ba31 (base 12) in base 5?
11302204
10101100111110000011000 (base 2) to base 14
a77796
77070011 (base 8) to base 16
fc7009
2951b (base 14) to base 2
11001000010000101
Convert 8815674 (base 10) to base 5.
4224100144
What is 6928085 (base 11) in base 7?
205002630
Convert 2125858 (base 9) to base 8.
4261307
590577 (base 10) to base 15
b9ebc
-243d (base 14) to base 5
-200302
-16366141 (base 7) to base 8
-6055760
What is -2c0545 (base 15) in base 2?
-1000000111011001010000
Convert -51344543 (base 6) to base 14.
-2a5c2b
745c8 (base 13) to base 15
42219
12148 (base 16) to base 13
27928
-318568 (base 10) to base